mmon divisor of 18 and 50?
2
What is the highest common factor of 7925 and 25?
25
What is the greatest common factor of 52 and 52?
52
Calculate the highest common factor of 533 and 481.
13
Calculate the highest common divisor of 134 and 603.
67
Calculate the highest common divisor of 11016 and 864.
216
What is the greatest common divisor of 25 and 15?
5
What is the highest common factor of 549 and 427?
61
Calculate the greatest common factor of 59913 and 189.
189
Calculate the greatest common factor of 235 and 47.
47
What is the highest common factor of 484 and 16?
4
Calculate the greatest common divisor of 4650 and 150.
150
What is the highest common factor of 165 and 231?
33
What is the greatest common divisor of 1452 and 384?
12
What is the highest common divisor of 12 and 2148?
12
What is the highest common factor of 10402 and 70?
14
What is the greatest common factor of 916 and 4?
4
What is the greatest common factor of 152 and 38?
38
What is the highest common divisor of 820 and 20?
20
Calculate the greatest common factor of 7055 and 85.
85
Calculate the highest common divisor of 16 and 4096.
16
What is the highest common factor of 63 and 609?
21
What is the highest common divisor of 162 and 261?
9
Calculate the greatest common divisor of 416 and 52.
52
Calculate the highest common factor of 1250 and 10.
10
Calculate the greatest common divisor of 27 and 1593.
27
What is the highest common factor of 139 and 1529?
139
Calculate the greatest common divisor of 176 and 11.
11
Calculate the highest common divisor of 232 and 40.
8
What is the highest common divisor of 312 and 120?
24
Calculate the greatest common factor of 16 and 408.
8
Calculate the highest common factor of 21978 and 54.
54
What is the highest common divisor of 54 and 54?
54
Calculate the highest common factor of 1926 and 102.
6
Calculate the greatest common factor of 124 and 341.
31
What is the highest common divisor of 119 and 17?
17
What is the highest common divisor of 53 and 159?
53
What is the highest common factor of 3657 and 23?
23
Calculate the highest common factor of 57 and 133.
19
What is the highest common divisor of 1798 and 58?
58
Calculate the greatest common divisor of 371 and 159.
53
Calculate the greatest common divisor of 95 and 2432.
19
Calculate the greatest common factor of 123 and 36.
3
What is the highest common divisor of 260 and 16?
4
What is the greatest common factor of 1746 and 1261?
97
What is the highest common factor of 696 and 493?
29
Calculate the highest common divisor of 16 and 248.
8
What is the greatest common factor of 342 and 3306?
114
Calculate the greatest common divisor of 156 and 663.
39
What is the highest common divisor of 264 and 308?
44
What is the highest common factor of 76 and 10374?
38
Calculate the greatest common factor of 81 and 15957.
81
What is the highest common factor of 527 and 799?
17
What is the highest common factor of 923 and 568?
71
Calculate the highest common divisor of 27 and 867.
3
What is the greatest common factor of 12 and 6684?
12
What is the highest common divisor of 41 and 2173?
41
Calculate the highest common factor of 18 and 7758.
18
Calculate the highest common factor of 35 and 10.
5
Calculate the greatest common factor of 2655 and 15.
15
Calculate the greatest common divisor of 33 and 99.
33
What is the greatest common factor of 100 and 4?
4
Calculate the highest common factor of 1100 and 44.
44
What is the greatest common factor of 29 and 16?
1
Calculate the greatest common divisor of 572 and 1628.
44
What is the highest common factor of 12 and 360?
12
Calculate the highest common factor of 28 and 4067.
7
What is the greatest common divisor of 105 and 70035?
105
Calculate the greatest common factor of 26 and 169.
13
Calculate the highest common divisor of 15 and 645.
15
What is the greatest common divisor of 624 and 1296?
48
What is the greatest common divisor of 1526 and 1199?
109
What is the greatest common divisor of 270 and 130?
10
What is the greatest common divisor of 5590 and 40?
10
What is the highest common divisor of 64 and 424?
8
What is the greatest common divisor of 20 and 6885?
5
Calculate the greatest common factor of 8 and 4.
4
What is the highest common divisor of 481 and 78?
13
Calculate the greatest common factor of 33 and 1100.
11
What is the greatest common divisor of 14 and 2702?
14
What is the greatest common divisor of 216 and 228?
12
Calculate the greatest common divisor of 427 and 305.
61
What is the greatest common divisor of 1956 and 84?
12
What is the highest common divisor of 75 and 40?
5
What is the highest common factor of 168 and 112?
56
Calculate the highest common divisor of 1517 and 185.
37
Calculate the highest common divisor of 48 and 876.
12
Calculate the greatest common factor of 784 and 8.
8
Calculate the highest common factor of 34 and 19958.
34
Calculate the greatest common divisor of 2064 and 16.
16
What is the highest common divisor of 306 and 14178?
102
What is the greatest common factor of 2486 and 506?
22
Calculate the highest common divisor of 10522 and 4.
2
What is the greatest common divisor of 20 and 4820?
20
What is the highest common factor of 366 and 244?
122
Calculate the highest common divisor of 2215 and 35.
5
What is the highest common divisor of 1 and 5?
1
What is the highest common factor of 210 and 690?
30
Calculate the greatest common divisor of 392 and 8.
8
What is the greatest common divisor of 30 and 105?
15
What is the greatest common factor of 420 and 2030?
70
Calculate the greatest common factor of 19869 and 111.
111
What is the greatest common divisor of 8 and 184?
8
Calculate the greatest common divisor of 10 and 320.
10
Calculate the greatest common divisor of 2000 and 160.
80
What is the greatest common factor of 1350 and 3225?
75
What is the highest common divisor of 230 and 3030?
10
Calculate the highest common divisor of 218 and 2.
2
Calculate the greatest common divisor of 124 and 1550.
62
What is the greatest common divisor of 325 and 350?
25
What is the greatest common divisor of 354 and 6?
6
What is the highest common factor of 40 and 10040?
40
Calculate the greatest common factor of 12 and 9028.
4
What is the highest common factor of 504 and 792?
72
What is the highest common factor of 1 and 523?
1
What is the greatest common divisor of 62 and 15097?
31
What is the highest common divisor of 48 and 368?
16
Calculate the highest common factor of 158 and 1185.
79
Calculate the highest common divisor of 2 and 2.
2
Calculate the greatest common divisor of 3910 and 138.
46
What is the highest common factor of 6 and 14844?
6
Calculate the greatest common factor of 112 and 640.
16
Calculate the highest common factor of 1598 and 102.
34
What is the highest common divisor of 8 and 32?
8
Calculate the greatest common factor of 167 and 2839.
167
Calculate the greatest common factor of 16 and 112032.
16
Calculate the highest common factor of 4 and 4204.
4
Calculate the greatest common factor of 9254 and 14.
14
What is the greatest common divisor of 14612 and 52?
52
Calculate the greatest common factor of 87 and 290.
29
What is the highest common divisor of 87 and 116?
29
What is the greatest common factor of 100 and 160?
20
What is the greatest common divisor of 325 and 13?
13
What is the highest common divisor of 851 and 23?
23
What is the highest common divisor of 40902 and 34?
34
What is the greatest common divisor of 1998 and 108?
54
Calculate the greatest common divisor of 248 and 8.
8
What is the greatest common factor of 4 and 2?
2
What is the greatest common divisor of 13869 and 69?
69
What is the greatest common divisor of 378 and 84?
42
Calculate the greatest common factor of 999 and 54.
27
What is the highest common divisor of 51 and 357?
51
Calculate the highest common factor of 95 and 45.
5
Calculate the greatest common factor of 21 and 3031.
7
Calculate the highest common factor of 728 and 7.
7
What is the greatest common factor of 235 and 2397?
47
Calculate the greatest common divisor of 484 and 240.
4
Calculate the greatest common factor of 71 and 10579.
71
Calculate the greatest common factor of 486 and 2592.
162
Calculate the greatest common factor of 1168 and 16.
16
What is the highest common factor of 131